3597 composite?
False
Is 2545067029 a composite number?
True
Is 204258871 a prime number?
True
Is 9851881579 composite?
False
Is 274254499 prime?
True
Is 39288809359 a prime number?
False
Is 72710624923 a prime number?
False
Is 3324594491 a prime number?
False
Is 7038903797 prime?
True
Is 312475211 a prime number?
True
Is 13471207427 a composite number?
True
Is 45582381087 composite?
True
Is 8855129887 composite?
False
Is 11342357921 composite?
False
Is 357359371 a composite number?
True
Is 850200877 a composite number?
True
Is 30105288727 a composite number?
True
Is 185621709085 a composite number?
True
Is 6365767237 a composite number?
False
Is 760718843 a prime number?
True
Is 21782528347 prime?
False
Is 1885777297 composite?
False
Is 233109083 composite?
True
Is 22807826 composite?
True
Is 32587301371 a prime number?
True
Is 770152303 composite?
False
Is 12181195903 composite?
True
Is 300281207 composite?
False
Is 545744333 composite?
True
Is 2189441327 prime?
True
Is 85459391305 a composite number?
True
Is 429481103 a composite number?
False
Is 58268958659 composite?
True
Is 216646159 composite?
True
Is 102552061823 a composite number?
False
Is 108997451 a prime number?
True
Is 26318332177 a composite number?
False
Is 12729857561 composite?
False
Is 2243775353 a prime number?
True
Is 14529833191 prime?
False
Is 2623776757 prime?
False
Is 36672736487 a composite number?
True
Is 4302160985 composite?
True
Is 776783921 prime?
True
Is 44192531447 prime?
False
Is 114106867 a composite number?
True
Is 745815439 composite?
False
Is 22622098189 a prime number?
False
Is 30941062379 prime?
True
Is 136904461 a prime number?
True
Is 120473765093 a composite number?
True
Is 12664853557 a prime number?
True
Is 8614131919 composite?
False
Is 2481901159 a composite number?
False
Is 1117526647 composite?
False
Is 8107777117 prime?
False
Is 458496883123 prime?
True
Is 1469239663 composite?
False
Is 270209977 composite?
True
Is 1245580139 composite?
False
Is 305174189 a prime number?
False
Is 108171183193 composite?
True
Is 18484357607 a prime number?
True
Is 410320039 prime?
False
Is 155101036819 a composite number?
False
Is 1037010437 a composite number?
True
Is 16551481 composite?
True
Is 141918659167 composite?
True
Is 913942153 composite?
False
Is 10487434127 a composite number?
False
Is 2957987987 prime?
True
Is 6014746187 prime?
False
Is 34510142899 a composite number?
True
Is 81997827823 composite?
True
Is 15192503497 composite?
True
Is 11142123569 prime?
False
Is 35578187563 prime?
False
Is 2573063921 prime?
False
Is 3958663739 a composite number?
False
Is 16761451897 composite?
False
Is 1310474281 prime?
True
Is 10511788423 a prime number?
False
Is 15577597919 prime?
False
Is 5253897827 a prime number?
True
Is 7954650493 a prime number?
False
Is 873322601 prime?
True
Is 47599580617 a composite number?
False
Is 2378186543 a composite number?
True
Is 17797289501 a prime number?
False
Is 80789621669 prime?
False
Is 6979155681 prime?
False
Is 3399901369 prime?
False
Is 16871942957 a prime number?
True
Is 6328072699 a prime number?
False
Is 5269294183 prime?
True
Is 3178733881 a prime number?
True
Is 5989446509 composite?
True
Is 53060955163 a prime number?
False
Is 2705314897 a composite number?
True
Is 385589599723 composite?
False
Is 9469845969 composite?
True
Is 40273720079 composite?
False
Is 8159877569 a composite number?
False
Is 94027897 a composite number?
False
Is 181585514519 prime?
True
Is 4124140523 composite?
False
Is 10808591311 prime?
False
Is 16832369153 a composite number?
True
Is 49657001 prime?
True
Is 1322464379 a composite number?
False
Is 285855767 a prime number?
False
Is 9846656269 prime?
False
Is 490515427 a prime number?
True
Is 931463737 a composite number?
False
Is 1100241931 a composite number?
True
Is 1257465493 composite?
True
Is 56958610307 prime?
True
Is 488751493 a prime number?
False
Is 81324239011 composite?
False
Is 4505937977 a composite number?
True
Is 223331804117 prime?
True
Is 8893064899 a composite number?
False
Is 3292025837 a composite number?
False
Is 447270643 prime?
True
Is 17352557797 a composite number?
True
Is 6861196031 composite?
True
Is 3445025993 composite?
False
Is 20710370099 a prime number?
True
Is 4894074269 a composite number?
True
Is 211654684951 a composite number?
False
Is 459387913 prime?
True
Is 94521940507 a prime number?
True
Is 27114169882 a prime number?
False
Is 1294834837 composite?
False
Is 65933060411 a prime number?
False
Is 841837439 prime?
False
Is 189328573 composite?
True
Is 2188656193 composite?
True
Is 962149933 a prime number?
False
Is 62180851 a prime number?
False
Is 44534009 composite?
True
Is 474399217 a composite number?
False
Is 1588910273 composite?
False
Is 82577190769 a prime number?
False
Is 50578781 a prime number?
False
Is 493211167 a prime number?
True
Is 63695417191 a prime number?
False
Is 1439065333 a composite number?
False
Is 47439430889 prime?
True
Is 10500502601 prime?
True
Is 2349338113 composite?
False
Is 12661332419 composite?
False
Is 35346869255 prime?
False
Is 6804143713 composite?
True
Is 2774256421 a composite number?
True
Is 4944052843 composite?
True
Is 9768267965 a composite number?
True
Is 4980894757 a composite number?
True
Is 61350807569 a composite number?
False
Is 837447077 prime?
True
Is 7049456747 composite?
False
Is 4750230539 composite?
False
Is 1890160553 prime?
True
Is 3667250219 a prime number?
False
Is 1385588899 prime?
False
Is 4563322097 composite?
False
Is 9842909 a prime number?
True
Is 1524948941 composite?
True
Is 1391815567 a prime number?
True
Is 242479901 a composite number?
True
Is 3011335177 a prime number?
True
Is 2580762901 a prime number?
False
Is 581756027 a prime number?
True
Is 5926833599 a prime number?
True
Is 41916791947 prime?
True
Is 2062265717 composite?
True
Is 21882968521 a composite number?
False
Is 1277404363 prime?
False
Is 965439059 a prime number?
False
Is 1271650993 a prime number?
True
Is 38108870915 composite?
True
Is 1224728719 composite?
True
Is 4736403323 composite?
True
Is 99300864281 prime?
False
Is 1026597763 prime?
False
Is 106888918589 prime?
True
Is 50027911291 a composite number?
True
Is 769456343 prime?
True
Is 641852111 a prime number?
True
Is 56420967797 a prime number?
True
Is 3150947279 composite?
False
Is 855263147 a prime number?
False
Is 111230939 a prime number?
True
Is 14928441299 composite?
False
Is 11576902987 a prime number?
False
Is 475686559 a composite number?
False
Is 81013411403 prime?
True
Is 63840030973 composite?
True
Is 7242155959 a composite number?
True
Is 2481347951 prime?
False
Is 20183219611 a prime number?
True
Is 2945754221 prime?
False
Is 15585210022 prime?
False
Is 27071591087 a composite number?
True
Is 142408956839 composite?
True
Is 1937786111 a prime number?
True
Is 1474875733 a prime number?
True
Is 6951894959 a composite number?
True
Is 27087940781 a composite number?
True
Is 5592722873 prime?
True
Is 1147537681 a prime number?
False
Is 1195762751 prime?
False
Is 34915387861 composite?
False
Is 9917124877 composite?
True
Is 16927261903 composite?
False
Is 3500805949 composite?
True
Is 18519805361 a prime number?
True
Is 196744597691 prime?
True
Is 264094902499 a prime number?
False
Is 5876451439 a composite number?
True
Is 2587148321 a composite number?
True
Is 32808985611 composite?
True
Is 203633519 prime?
False
Is 6515627623 composite?
True
Is 748823651 a prime number?
True
Is 14934644437 a prime number?
False
Is 1419313139 a composite number?
False
Is 79531451 composite?
False
Is 319706721853 composite?
True
Is 42805943017 a prime number?
True
Is 825940637 a prime number?
False
Is 368022965 a prime number?
False
Is 16147989007 prime?
False
Is 4728447211 a composite number?
False
Is 1654690657 a prime number?
True
Is 12626890571 composite?
False
Is 1055296241 composite?
True
Is 1857388849 a composite number?
False
Is 2957744371 a prime number?
False
Is 1373155159 prime?
True
Is 1592261101 a composite number?
True
Is 490975883 a composite number?
False
Is 2179528591 a composite number?
True
Is 112369043841 a prime number?
False
Is 108590835011 prime?
True
Is 1493224571 prime?
False
Is 34440274427 a composite number?
True
Is 50969936681 composi